{"id":1811,"date":"2014-10-07T12:12:27","date_gmt":"2014-10-07T10:12:27","guid":{"rendered":"https:\/\/www.pflegeheim.me\/?page_id=1811"},"modified":"2014-10-29T17:47:11","modified_gmt":"2014-10-29T15:47:11","slug":"impressionen","status":"publish","type":"page","link":"https:\/\/www.pflegeheim.me\/?page_id=1811","title":{"rendered":"Impressionen"},"content":{"rendered":"[vc_row][vc_column width=&#8220;1\/1&#8243;][vc_column_text]Das \u201e<strong>Miteinander<\/strong>\u201c wird bei uns intensiv gelebt!<\/p>\n<p>Kinder der <strong>Volksschule <\/strong>und vom <strong>Kindergarten <\/strong>bereichern mit Feiern und Vortr\u00e4gen unseren Alltag.<\/p>\n<p>Die gemeinsame Gestaltung von <strong>Geburtstagen<\/strong>, <strong>heiligen Messen<\/strong> und religi\u00f6sen <strong>Festen <\/strong>geh\u00f6ren ebenso zu unseren Anliegen wie die Einbindung der \u00f6rtlichen <strong>Vereine<\/strong>.<\/p>\n<p>Wir haben eine\u00a0ausgebildete <strong>Animateurin\u00a0<\/strong>in unserem Team die einen <strong>abwechslungsreichen <\/strong>und <strong>kreativen <\/strong>Animationstagesablauf individuell abgestimmt auf die Bed\u00fcrfnisse der Bewohner gestaltet.<\/p>\n<p>Unser geschultes <b>Pflegepersonal<\/b>, unsere <strong>Hauswirtschaft und\u00a0Servicekr\u00e4fte <\/strong>sowie der\u00a0<strong>Hausarzt<\/strong> k\u00fcmmern sich um das Wohl unserer Bewohner.[\/vc_column_text][\/vc_column][\/vc_row][vc_row][vc_column width=&#8220;1\/1&#8243;][vc_gallery type=&#8220;image_grid&#8220; interval=&#8220;3&#8243; images=&#8220;2011,2018,2009,2012,2013,2015,2014,2008,2017,2016,2007,2010,2006,2019,2038,2037&#8243; onclick=&#8220;link_image&#8220; custom_links_target=&#8220;_self&#8220; title=&#8220;Galerie unseres Pflegeheimes&#8220; img_size=&#8220;thumbnail&#8220;][\/vc_column][\/vc_row]\n","protected":false},"excerpt":{"rendered":"<p>[vc_row][vc_column width=&#8220;1\/1&#8243;][vc_column_text]Das \u201eMiteinander\u201c wird bei uns intensiv gelebt! Kinder der Volksschule und vom Kindergarten bereichern mit Feiern und Vortr\u00e4gen unseren Alltag. Die gemeinsame Gestaltung von Geburtstagen, heiligen Messen und religi\u00f6sen Festen geh\u00f6ren ebenso zu unseren Anliegen wie die Einbindung der \u00f6rtlichen Vereine. Wir haben eine\u00a0ausgebildete Animateurin\u00a0in unserem Team die einen abwechslungsreichen und kreativen Animationstagesablauf individuell [&hellip;]<\/p>\n","protected":false},"author":1,"featured_media":0,"parent":0,"menu_order":0,"comment_status":"open","ping_status":"open","template":"","meta":[],"_links":{"self":[{"href":"https:\/\/www.pflegeheim.me\/index.php?rest_route=\/wp\/v2\/pages\/1811"}],"collection":[{"href":"https:\/\/www.pflegeheim.me\/index.php?rest_route=\/wp\/v2\/pages"}],"about":[{"href":"https:\/\/www.pflegeheim.me\/index.php?rest_route=\/wp\/v2\/types\/page"}],"author":[{"embeddable":true,"href":"https:\/\/www.pflegeheim.me\/index.php?rest_route=\/wp\/v2\/users\/1"}],"replies":[{"embeddable":true,"href":"https:\/\/www.pflegeheim.me\/index.php?rest_route=%2Fwp%2Fv2%2Fcomments&post=1811"}],"version-history":[{"count":23,"href":"https:\/\/www.pflegeheim.me\/index.php?rest_route=\/wp\/v2\/pages\/1811\/revisions"}],"predecessor-version":[{"id":2062,"href":"https:\/\/www.pflegeheim.me\/index.php?rest_route=\/wp\/v2\/pages\/1811\/revisions\/2062"}],"wp:attachment":[{"href":"https:\/\/www.pflegeheim.me\/index.php?rest_route=%2Fwp%2Fv2%2Fmedia&parent=1811"}],"curies":[{"name":"wp","href":"https:\/\/api.w.org\/{rel}","templated":true}]}}

[vc_row][vc_column width=&#8220;1/1&#8243;][vc_column_text]Das „<strong>Miteinander</strong>“ wird bei uns intensiv gelebt!</p>
<p>Kinder der <strong>Volksschule </strong>und vom <strong>Kindergarten </strong>bereichern mit Feiern und Vorträgen unseren Alltag.</p>
<p>Die gemeinsame Gestaltung von <strong>Geburtstagen</strong>, <strong>heiligen Messen</strong> und religiösen <strong>Festen </strong>gehören ebenso zu unseren Anliegen wie die Einbindung der örtlichen <strong>Vereine</strong>.</p>
<p>Wir haben eine ausgebildete <strong>Animateurin </strong>in unserem Team die einen <strong>abwechslungsreichen </strong>und <strong>kreativen </strong>Animationstagesablauf individuell abgestimmt auf die Bedürfnisse der Bewohner gestaltet.</p>
<p>Unser geschultes <b>Pflegepersonal</b>, unsere <strong>Hauswirtschaft und Servicekräfte </strong>sowie der <strong>Hausarzt</strong> kümmern sich um das Wohl unserer Bewohner.[/vc_column_text][/vc_column][/vc_row][vc_row][vc_column width=&#8220;1/1&#8243;][vc_gallery type=&#8220;image_grid&#8220; interval=&#8220;3&#8243; images=&#8220;2011,2018,2009,2012,2013,2015,2014,2008,2017,2016,2007,2010,2006,2019,2038,2037&#8243; onclick=&#8220;link_image&#8220; custom_links_target=&#8220;_self&#8220; title=&#8220;Galerie unseres Pflegeheimes&#8220; img_size=&#8220;thumbnail&#8220;][/vc_column][/vc_row]

<p>[vc_row][vc_column width=&#8220;1/1&#8243;][vc_column_text]Das „Miteinander“ wird bei uns intensiv gelebt! Kinder der Volksschule und vom Kindergarten bereichern mit Feiern und Vorträgen unseren Alltag. Die gemeinsame Gestaltung von Geburtstagen, heiligen Messen und religiösen Festen gehören ebenso zu unseren Anliegen wie die Einbindung der örtlichen Vereine. Wir haben eine ausgebildete Animateurin in unserem Team die einen abwechslungsreichen und kreativen Animationstagesablauf individuell [&hellip;]</p>
