{"id":1757,"date":"2014-09-17T16:25:01","date_gmt":"2014-09-17T14:25:01","guid":{"rendered":"https:\/\/www.pflegeheim.me\/?page_id=1757"},"modified":"2020-04-07T12:43:39","modified_gmt":"2020-04-07T10:43:39","slug":"home-2","status":"publish","type":"page","link":"https:\/\/www.pflegeheim.me\/","title":{"rendered":"Home"},"content":{"rendered":"[vc_row][vc_column][vc_column_text]\n[\/vc_column_text][\/vc_column][vc_column][vc_column_text]<a href=\"https:\/\/www.pflegeheim.me\/wp-content\/uploads\/2014\/10\/Logo_StOswald.jpg\" target=\"_blank\" rel=\"noopener noreferrer\"><img decoding=\"async\" loading=\"lazy\" class=\"wp-image-1954 aligncenter\" src=\"https:\/\/www.pflegeheim.me\/wp-content\/uploads\/2014\/10\/Logo_StOswald-300x277.jpg\" alt=\"Logo Pflegeheim St. Oswald\" width=\"250\" height=\"231\" srcset=\"https:\/\/www.pflegeheim.me\/wp-content\/uploads\/2014\/10\/Logo_StOswald-300x277.jpg 300w, https:\/\/www.pflegeheim.me\/wp-content\/uploads\/2014\/10\/Logo_StOswald.jpg 621w\" sizes=\"(max-width: 250px) 100vw, 250px\" \/><\/a><\/p>\n<h2 style=\"text-align: center; color: #68081a;\">Willkommen im Gesundheits- und Pflegezentrum<br \/>\nSt. Oswald bei Plankenwarth<\/h2>\n<p style=\"text-align: center;\">In unserem neu gebauten und heimeligen Haus, nicht unweit der steirischen Landeshauptstadt Graz (17km Entfernung) gelegen im idyllischen Ort St. Oswald,\u00a0sind alle Menschen, die aus ganz individuellen Gr\u00fcnden Unterst\u00fctzung bed\u00fcrfen,<br \/>\nherzlich willkommen.<\/p>\n<p style=\"text-align: center;\">Unser Haus bietet Platz f\u00fcr insgesamt 29 BewohnerInnen<br \/>\nin famili\u00e4rer und freundlicher Atmosph\u00e4re.<\/p>\n[\/vc_column_text][\/vc_column][\/vc_row][vc_row][vc_column][vc_empty_space][vc_separator][vc_empty_space][\/vc_column][\/vc_row][vc_row][vc_column width=&#8220;1\/4&#8243;]<div class=\"features center circle cover animate\" data-effect=\"bounceIn\"><div class=\"feature-content\"><div class=\"feature-icon\"><span><i class=\"fa fa-spinner\"><\/i><\/span><\/div><h3 class=\"feature-title\">Kurzzeitpflege<\/h3>\n<p>Wir bieten <strong>Kurzzeitpflege<\/strong>, <strong>Langzeitpflege<\/strong>, <strong>Urlaubs<\/strong>&#8211; bzw.<strong>Tagespflege<\/strong>, <strong>\u00dcbergangspflege <\/strong>sowie <strong>Rehabilitationspflege<\/strong><\/p>\n<\/div><\/div>[\/vc_column][vc_column width=&#8220;1\/4&#8243;]<div class=\"features center circle cover animate\" data-effect=\"bounceIn\"><div class=\"feature-content\"><div class=\"feature-icon\"><span><i class=\"fa fa-times-circle\"><\/i><\/span><\/div><h3 class=\"feature-title\">Langzeitpflege<\/h3>Wir bieten<br \/>\ndauerhaften Aufenthalt<br \/>\nf\u00fcr Bewohner<br \/>\nmit allen Pflegestufen.<\/div><\/div>[\/vc_column][vc_column width=&#8220;1\/4&#8243;]<div class=\"features center circle cover animate\" data-effect=\"bounceIn\"><div class=\"feature-content\"><div class=\"feature-icon\"><span><i class=\"fa fa-edit\"><\/i><\/span><\/div><h3 class=\"feature-title\">Antrag auf Pflegegeld<\/h3>Beim Ansuchen f\u00fcr Pflegegeld<br \/>\nund die Beh\u00f6rdenwege<br \/>\nsind wir Ihnen<br \/>\ngerne behilflich.<\/div><\/div>[\/vc_column][vc_column width=&#8220;1\/4&#8243;]<div class=\"features center circle cover animate\" data-effect=\"bounceIn\"><div class=\"feature-content\"><div class=\"feature-icon\"><span><i class=\"fa fa-suitcase\"><\/i><\/span><\/div><h3 class=\"feature-title\">29 Betten<\/h3>\n<p>10 Doppelzimmer und 9 Einzelzimmer mit gro\u00dfem Garten und Haustieren bieten den Bewohnern ein Wohlf\u00fchlumfeld.<\/p>\n<\/div><\/div>[\/vc_column][\/vc_row][vc_row][vc_column][vc_empty_space][vc_separator][vc_empty_space][\/vc_column][\/vc_row][vc_row][vc_column width=&#8220;1\/3&#8243;][vc_column_text]\n<div class=\"mx-page-title row  left line-bottom\"><div class=\"mx-pagetitle-line\" ><\/div><div class=\"mx-page-title-container show-bg \" ><h3 class=\"bold \" style=\"\">Unsere Arbeitszeiten<\/h3><\/div><\/div>\n[\/vc_column_text][vc_row_inner][vc_column_inner width=&#8220;1\/2&#8243;]<div class=\"totalcount totalcount-style-2 center animate\" data-step=\"1\" data-effect=\"fadeInDownBig\" data-from=\"1\" data-end=\"24\"><div class=\"totalcount-number\" style=\"border: 4px solid #42b649;\"><span><\/span><span class=\"totalnumber\" style=\"color:#42b649;\"><\/span><span>Stunden<\/span><\/div><div class=\"totalcount-content\">\n<p>pro Tag im Dienst<\/p>\n<\/div><\/div>[\/vc_column_inner][vc_column_inner width=&#8220;1\/2&#8243;]<div class=\"totalcount totalcount-style-2 right animate\" data-step=\"1\" data-effect=\"fadeInUpBig\" data-from=\"1\" data-end=\"7\"><div class=\"totalcount-number\" style=\"border: 4px solid #c32dca;\"><span><\/span><span class=\"totalnumber\" style=\"color:#c32dca;\"><\/span><span>Tage<\/span><\/div><div class=\"totalcount-content\">\n<p>die Woche<\/p>\n<\/div><\/div>[\/vc_column_inner][\/vc_row_inner][\/vc_column][vc_column width=&#8220;1\/3&#8243;][vc_column_text]<div class=\"mx-page-title row  left line-bottom\"><div class=\"mx-pagetitle-line\" ><\/div><div class=\"mx-page-title-container show-bg \" ><h3 class=\"bold \" style=\"\">Personalbelegung<\/h3><\/div><\/div>\n<div  class=\"row\"><div class=\"col-md-12 col-sm-12\"><\/div><\/div>\n<ul class=\"skills mline skill-style-2\"><li><span class=\"skill-name\" >20 % diplomierte Fachkr\u00e4fte<\/span><div class=\"skill-bg circle\"><span class=\"skill-cover\" data-percent=\"20%\" style=\"background:#f0cd0a;\"><\/span><span class=\"skill-progress\" style=\"color:#fff;\">20%<\/span><\/div><\/li><li><span class=\"skill-name\" >ausgebildetes Pflegepersonal<\/span><div class=\"skill-bg circle\"><span class=\"skill-cover\" data-percent=\"60%\" style=\"background:#c32dca;\"><\/span><span class=\"skill-progress\" style=\"color:#fff;\">60%<\/span><\/div><\/li><li><span class=\"skill-name\" >Hauswirtschaft<\/span><div class=\"skill-bg circle\"><span class=\"skill-cover\" data-percent=\"20%\" style=\"background:#42b649;\"><\/span><span class=\"skill-progress\" >20%<\/span><\/div><\/li><\/ul>[\/vc_column_text][\/vc_column][vc_column width=&#8220;1\/3&#8243;][vc_column_text]<div class=\"mx-page-title row  left line-bottom\"><div class=\"mx-pagetitle-line\" ><\/div><div class=\"mx-page-title-container show-bg \" ><h3 class=\"bold \" style=\"\">aktuelle Auslastung<\/h3><\/div><\/div>[\/vc_column_text][vc_row_inner][vc_column_inner width=&#8220;1\/2&#8243;]<div class=\"totalcount totalcount-style-2 center animate\" data-step=\"1\" data-effect=\"fadeInDownBig\" data-from=\"1\" data-end=\"9\"><div class=\"totalcount-number\" style=\"border: 4px solid #cc0606;\"><span><\/span><span class=\"totalnumber\" style=\"color:#cc0606;\"><\/span><span><\/span><\/div><div class=\"totalcount-content\"><strong>Einzelzimmer<\/strong><br \/>\nmomentan belegt.<br \/>\n<strong>Leider kein Zimmer frei.<\/strong><\/div><\/div>[\/vc_column_inner][vc_column_inner width=&#8220;1\/2&#8243;]<div class=\"totalcount totalcount-style-2 center animate\" data-step=\"1\" data-effect=\"fadeInUpBig\" data-from=\"1\" data-end=\"10\"><div class=\"totalcount-number\" style=\"border: 4px solid #1e73be;\"><span><\/span><span class=\"totalnumber\" style=\"color:#1e73be;\"><\/span><span><\/span><\/div><div class=\"totalcount-content\"><strong>Doppelzimmer<br \/>\nmomentan belegt.<br \/>\nLeider kein Zimmer frei.<br \/>\n<\/strong><\/div><\/div>[\/vc_column_inner][\/vc_row_inner][\/vc_column][\/vc_row]\n","protected":false},"excerpt":{"rendered":"<p>[vc_row][vc_column][vc_column_text] [\/vc_column_text][\/vc_column][vc_column][vc_column_text] Willkommen im Gesundheits- und Pflegezentrum St. Oswald bei Plankenwarth In unserem neu gebauten und heimeligen Haus, nicht unweit der steirischen Landeshauptstadt Graz (17km Entfernung) gelegen im idyllischen Ort St. Oswald,\u00a0sind alle Menschen, die aus ganz individuellen Gr\u00fcnden Unterst\u00fctzung bed\u00fcrfen, herzlich willkommen. Unser Haus bietet Platz f\u00fcr insgesamt 29 BewohnerInnen in famili\u00e4rer und freundlicher [&hellip;]<\/p>\n","protected":false},"author":1,"featured_media":0,"parent":0,"menu_order":0,"comment_status":"open","ping_status":"open","template":"","meta":[],"_links":{"self":[{"href":"https:\/\/www.pflegeheim.me\/index.php?rest_route=\/wp\/v2\/pages\/1757"}],"collection":[{"href":"https:\/\/www.pflegeheim.me\/index.php?rest_route=\/wp\/v2\/pages"}],"about":[{"href":"https:\/\/www.pflegeheim.me\/index.php?rest_route=\/wp\/v2\/types\/page"}],"author":[{"embeddable":true,"href":"https:\/\/www.pflegeheim.me\/index.php?rest_route=\/wp\/v2\/users\/1"}],"replies":[{"embeddable":true,"href":"https:\/\/www.pflegeheim.me\/index.php?rest_route=%2Fwp%2Fv2%2Fcomments&post=1757"}],"version-history":[{"count":119,"href":"https:\/\/www.pflegeheim.me\/index.php?rest_route=\/wp\/v2\/pages\/1757\/revisions"}],"predecessor-version":[{"id":2311,"href":"https:\/\/www.pflegeheim.me\/index.php?rest_route=\/wp\/v2\/pages\/1757\/revisions\/2311"}],"wp:attachment":[{"href":"https:\/\/www.pflegeheim.me\/index.php?rest_route=%2Fwp%2Fv2%2Fmedia&parent=1757"}],"curies":[{"name":"wp","href":"https:\/\/api.w.org\/{rel}","templated":true}]}}

[vc_row][vc_column][vc_column_text]
[/vc_column_text][/vc_column][vc_column][vc_column_text]<a href="https://www.pflegeheim.me/wp-content/uploads/2014/10/Logo_StOswald.jpg" target="_blank" rel="noopener noreferrer"><img decoding="async" loading="lazy" class="wp-image-1954 aligncenter" src="https://www.pflegeheim.me/wp-content/uploads/2014/10/Logo_StOswald-300x277.jpg" alt="Logo Pflegeheim St. Oswald" width="250" height="231" srcset="https://www.pflegeheim.me/wp-content/uploads/2014/10/Logo_StOswald-300x277.jpg 300w, https://www.pflegeheim.me/wp-content/uploads/2014/10/Logo_StOswald.jpg 621w" sizes="(max-width: 250px) 100vw, 250px" /></a></p>
<h2 style="text-align: center; color: #68081a;">Willkommen im Gesundheits- und Pflegezentrum<br />
St. Oswald bei Plankenwarth</h2>
<p style="text-align: center;">In unserem neu gebauten und heimeligen Haus, nicht unweit der steirischen Landeshauptstadt Graz (17km Entfernung) gelegen im idyllischen Ort St. Oswald, sind alle Menschen, die aus ganz individuellen Gründen Unterstützung bedürfen,<br />
herzlich willkommen.</p>
<p style="text-align: center;">Unser Haus bietet Platz für insgesamt 29 BewohnerInnen<br />
in familiärer und freundlicher Atmosphäre.</p>
[/vc_column_text][/vc_column][/vc_row][vc_row][vc_column][vc_empty_space][vc_separator][vc_empty_space][/vc_column][/vc_row][vc_row][vc_column width=&#8220;1/4&#8243;]<div class="features center circle cover animate" data-effect="bounceIn"><div class="feature-content"><div class="feature-icon"><span><i class="fa fa-spinner"></i></span></div><h3 class="feature-title">Kurzzeitpflege</h3>
<p>Wir bieten <strong>Kurzzeitpflege</strong>, <strong>Langzeitpflege</strong>, <strong>Urlaubs</strong>&#8211; bzw.<strong>Tagespflege</strong>, <strong>Übergangspflege </strong>sowie <strong>Rehabilitationspflege</strong></p>
</div></div>[/vc_column][vc_column width=&#8220;1/4&#8243;]<div class="features center circle cover animate" data-effect="bounceIn"><div class="feature-content"><div class="feature-icon"><span><i class="fa fa-times-circle"></i></span></div><h3 class="feature-title">Langzeitpflege</h3>Wir bieten<br />
dauerhaften Aufenthalt<br />
für Bewohner<br />
mit allen Pflegestufen.</div></div>[/vc_column][vc_column width=&#8220;1/4&#8243;]<div class="features center circle cover animate" data-effect="bounceIn"><div class="feature-content"><div class="feature-icon"><span><i class="fa fa-edit"></i></span></div><h3 class="feature-title">Antrag auf Pflegegeld</h3>Beim Ansuchen für Pflegegeld<br />
und die Behördenwege<br />
sind wir Ihnen<br />
gerne behilflich.</div></div>[/vc_column][vc_column width=&#8220;1/4&#8243;]<div class="features center circle cover animate" data-effect="bounceIn"><div class="feature-content"><div class="feature-icon"><span><i class="fa fa-suitcase"></i></span></div><h3 class="feature-title">29 Betten</h3>
<p>10 Doppelzimmer und 9 Einzelzimmer mit großem Garten und Haustieren bieten den Bewohnern ein Wohlfühlumfeld.</p>
</div></div>[/vc_column][/vc_row][vc_row][vc_column][vc_empty_space][vc_separator][vc_empty_space][/vc_column][/vc_row][vc_row][vc_column width=&#8220;1/3&#8243;][vc_column_text]
<div class="mx-page-title row  left line-bottom"><div class="mx-pagetitle-line" ></div><div class="mx-page-title-container show-bg " ><h3 class="bold " style="">Unsere Arbeitszeiten</h3></div></div>
[/vc_column_text][vc_row_inner][vc_column_inner width=&#8220;1/2&#8243;]<div class="totalcount totalcount-style-2 center animate" data-step="1" data-effect="fadeInDownBig" data-from="1" data-end="24"><div class="totalcount-number" style="border: 4px solid #42b649;"><span></span><span class="totalnumber" style="color:#42b649;"></span><span>Stunden</span></div><div class="totalcount-content">
<p>pro Tag im Dienst</p>
</div></div>[/vc_column_inner][vc_column_inner width=&#8220;1/2&#8243;]<div class="totalcount totalcount-style-2 right animate" data-step="1" data-effect="fadeInUpBig" data-from="1" data-end="7"><div class="totalcount-number" style="border: 4px solid #c32dca;"><span></span><span class="totalnumber" style="color:#c32dca;"></span><span>Tage</span></div><div class="totalcount-content">
<p>die Woche</p>
</div></div>[/vc_column_inner][/vc_row_inner][/vc_column][vc_column width=&#8220;1/3&#8243;][vc_column_text]<div class="mx-page-title row  left line-bottom"><div class="mx-pagetitle-line" ></div><div class="mx-page-title-container show-bg " ><h3 class="bold " style="">Personalbelegung</h3></div></div>
<div  class="row"><div class="col-md-12 col-sm-12"></div></div>
<ul class="skills mline skill-style-2"><li><span class="skill-name" >20 % diplomierte Fachkräfte</span><div class="skill-bg circle"><span class="skill-cover" data-percent="20%" style="background:#f0cd0a;"></span><span class="skill-progress" style="color:#fff;">20%</span></div></li><li><span class="skill-name" >ausgebildetes Pflegepersonal</span><div class="skill-bg circle"><span class="skill-cover" data-percent="60%" style="background:#c32dca;"></span><span class="skill-progress" style="color:#fff;">60%</span></div></li><li><span class="skill-name" >Hauswirtschaft</span><div class="skill-bg circle"><span class="skill-cover" data-percent="20%" style="background:#42b649;"></span><span class="skill-progress" >20%</span></div></li></ul>[/vc_column_text][/vc_column][vc_column width=&#8220;1/3&#8243;][vc_column_text]<div class="mx-page-title row  left line-bottom"><div class="mx-pagetitle-line" ></div><div class="mx-page-title-container show-bg " ><h3 class="bold " style="">aktuelle Auslastung</h3></div></div>[/vc_column_text][vc_row_inner][vc_column_inner width=&#8220;1/2&#8243;]<div class="totalcount totalcount-style-2 center animate" data-step="1" data-effect="fadeInDownBig" data-from="1" data-end="9"><div class="totalcount-number" style="border: 4px solid #cc0606;"><span></span><span class="totalnumber" style="color:#cc0606;"></span><span></span></div><div class="totalcount-content"><strong>Einzelzimmer</strong><br />
momentan belegt.<br />
<strong>Leider kein Zimmer frei.</strong></div></div>[/vc_column_inner][vc_column_inner width=&#8220;1/2&#8243;]<div class="totalcount totalcount-style-2 center animate" data-step="1" data-effect="fadeInUpBig" data-from="1" data-end="10"><div class="totalcount-number" style="border: 4px solid #1e73be;"><span></span><span class="totalnumber" style="color:#1e73be;"></span><span></span></div><div class="totalcount-content"><strong>Doppelzimmer<br />
momentan belegt.<br />
Leider kein Zimmer frei.<br />
</strong></div></div>[/vc_column_inner][/vc_row_inner][/vc_column][/vc_row]

<p>[vc_row][vc_column][vc_column_text] [/vc_column_text][/vc_column][vc_column][vc_column_text] Willkommen im Gesundheits- und Pflegezentrum St. Oswald bei Plankenwarth In unserem neu gebauten und heimeligen Haus, nicht unweit der steirischen Landeshauptstadt Graz (17km Entfernung) gelegen im idyllischen Ort St. Oswald, sind alle Menschen, die aus ganz individuellen Gründen Unterstützung bedürfen, herzlich willkommen. Unser Haus bietet Platz für insgesamt 29 BewohnerInnen in familiärer und freundlicher [&hellip;]</p>
